{"id":28863,"date":"2024-01-09T15:00:44","date_gmt":"2024-01-09T13:00:44","guid":{"rendered":"https:\/\/colegiosuizomadrid.com\/testimonios\/alberto-y-maria-esther\/"},"modified":"2024-01-22T17:32:31","modified_gmt":"2024-01-22T15:32:31","slug":"alberto-y-maria-esther","status":"publish","type":"testimonios","link":"https:\/\/colegiosuizomadrid.com\/de\/testimonios\/alberto-y-maria-esther\/","title":{"rendered":"Alberto und Mar\u00eda Esther"},"content":{"rendered":"\n<p>\u201cWir sind begeistert von der Schweizer Schule, das Bildungsprojekt und die p\u00e4dagogischen Methoden machen wirklich einen Unterschied aus. Unsere Kinder gehen jeden Tag sehr gerne in die Schule, es ist unglaublich, was f\u00fcr ein Deutschniveau sie erworben haben, vor allem wenn man bedenkt, dass wir in der Familie nicht ein Wort Deutsch sprechen.\u202f\u202fDie Schule hat eine wirklich privilegierte Lage und schon im j\u00fcngsten Alter hatten unsere Kinder Zugang zu grossen Aussenbereichen, um spielen und sich entwickeln zu k\u00f6nnen. In der Primarschule verbringen sie viel Zeit im Freien, da sie auch regelm\u00e4ssig Unterricht in den Aussenanlagen haben.<\/p>\n\n\n\n<p>Es herrscht eine multikulturelle und famili\u00e4re Atmosph\u00e4re, ohne Gleichmacherei und ohne Zurschaustellung. Die Transparenz in der Verwaltung st\u00e4rkt unser Gef\u00fchl der Zugeh\u00f6rigkeit zu einer engen Gemeinschaft, und dass wir in guten H\u00e4nden sind.<\/p>\n","protected":false},"featured_media":21103,"template":"","tipo":[236],"class_list":["post-28863","testimonios","type-testimonios","status-publish","has-post-thumbnail","hentry","tipo-general-de"],"yoast_head":"<!-- This site is optimized with the Yoast SEO plugin v27.5 - https:\/\/yoast.com\/product\/yoast-seo-wordpress\/ -->\n<title>Alberto und Mar\u00eda Esther - Colegio Suizo de Madrid<\/title>\n<meta name=\"robots\" content=\"index, follow, max-snippet:-1, max-image-preview:large, max-video-preview:-1\" \/>\n<link rel=\"canonical\" href=\"https:\/\/colegiosuizomadrid.com\/de\/testimonios\/alberto-y-maria-esther\/\" \/>\n<meta property=\"og:locale\" content=\"de_DE\" \/>\n<meta property=\"og:type\" content=\"article\" \/>\n<meta property=\"og:title\" content=\"Alberto und Mar\u00eda Esther - Colegio Suizo de Madrid\" \/>\n<meta property=\"og:description\" content=\"\u201cWir sind begeistert von der Schweizer Schule, das Bildungsprojekt und die p\u00e4dagogischen Methoden machen wirklich einen Unterschied aus. Unsere Kinder gehen jeden Tag sehr gerne in die Schule, es ist unglaublich, was f\u00fcr ein Deutschniveau sie erworben haben, vor allem wenn man bedenkt, dass wir in der Familie nicht ein Wort Deutsch sprechen.\u202f\u202fDie Schule hat [&hellip;]\" \/>\n<meta property=\"og:url\" content=\"https:\/\/colegiosuizomadrid.com\/de\/testimonios\/alberto-y-maria-esther\/\" \/>\n<meta property=\"og:site_name\" content=\"Colegio Suizo de Madrid\" \/>\n<meta property=\"article:modified_time\" content=\"2024-01-22T15:32:31+00:00\" \/>\n<meta property=\"og:image\" content=\"https:\/\/colegiosuizomadrid.com\/beta\/wp-content\/uploads\/2022\/04\/padres.png\" \/>\n\t<meta property=\"og:image:width\" content=\"360\" \/>\n\t<meta property=\"og:image:height\" content=\"360\" \/>\n\t<meta property=\"og:image:type\" content=\"image\/png\" \/>\n<meta name=\"twitter:card\" content=\"summary_large_image\" \/>\n<meta name=\"twitter:label1\" content=\"Gesch\u00e4tzte Lesezeit\" \/>\n\t<meta name=\"twitter:data1\" content=\"1\u00a0Minute\" \/>\n<script type=\"application\/ld+json\" class=\"yoast-schema-graph\">{\"@context\":\"https:\\\/\\\/schema.org\",\"@graph\":[{\"@type\":\"WebPage\",\"@id\":\"https:\\\/\\\/colegiosuizomadrid.com\\\/de\\\/testimonios\\\/alberto-y-maria-esther\\\/\",\"url\":\"https:\\\/\\\/colegiosuizomadrid.com\\\/de\\\/testimonios\\\/alberto-y-maria-esther\\\/\",\"name\":\"Alberto und Mar\u00eda Esther - Colegio Suizo de Madrid\",\"isPartOf\":{\"@id\":\"https:\\\/\\\/colegiosuizomadrid.com\\\/#website\"},\"primaryImageOfPage\":{\"@id\":\"https:\\\/\\\/colegiosuizomadrid.com\\\/de\\\/testimonios\\\/alberto-y-maria-esther\\\/#primaryimage\"},\"image\":{\"@id\":\"https:\\\/\\\/colegiosuizomadrid.com\\\/de\\\/testimonios\\\/alberto-y-maria-esther\\\/#primaryimage\"},\"thumbnailUrl\":\"https:\\\/\\\/colegiosuizomadrid.com\\\/beta\\\/wp-content\\\/uploads\\\/2022\\\/04\\\/padres.png\",\"datePublished\":\"2024-01-09T13:00:44+00:00\",\"dateModified\":\"2024-01-22T15:32:31+00:00\",\"breadcrumb\":{\"@id\":\"https:\\\/\\\/colegiosuizomadrid.com\\\/de\\\/testimonios\\\/alberto-y-maria-esther\\\/#breadcrumb\"},\"inLanguage\":\"de\",\"potentialAction\":[{\"@type\":\"ReadAction\",\"target\":[\"https:\\\/\\\/colegiosuizomadrid.com\\\/de\\\/testimonios\\\/alberto-y-maria-esther\\\/\"]}]},{\"@type\":\"ImageObject\",\"inLanguage\":\"de\",\"@id\":\"https:\\\/\\\/colegiosuizomadrid.com\\\/de\\\/testimonios\\\/alberto-y-maria-esther\\\/#primaryimage\",\"url\":\"https:\\\/\\\/colegiosuizomadrid.com\\\/beta\\\/wp-content\\\/uploads\\\/2022\\\/04\\\/padres.png\",\"contentUrl\":\"https:\\\/\\\/colegiosuizomadrid.com\\\/beta\\\/wp-content\\\/uploads\\\/2022\\\/04\\\/padres.png\",\"width\":360,\"height\":360},{\"@type\":\"BreadcrumbList\",\"@id\":\"https:\\\/\\\/colegiosuizomadrid.com\\\/de\\\/testimonios\\\/alberto-y-maria-esther\\\/#breadcrumb\",\"itemListElement\":[{\"@type\":\"ListItem\",\"position\":1,\"name\":\"Portada\",\"item\":\"https:\\\/\\\/colegiosuizomadrid.com\\\/\"},{\"@type\":\"ListItem\",\"position\":2,\"name\":\"Testimonios\",\"item\":\"https:\\\/\\\/colegiosuizomadrid.com\\\/testimonios\\\/\"},{\"@type\":\"ListItem\",\"position\":3,\"name\":\"Alberto und Mar\u00eda Esther\"}]},{\"@type\":\"WebSite\",\"@id\":\"https:\\\/\\\/colegiosuizomadrid.com\\\/#website\",\"url\":\"https:\\\/\\\/colegiosuizomadrid.com\\\/\",\"name\":\"Colegio Suizo de Madrid\",\"description\":\"\",\"publisher\":{\"@id\":\"https:\\\/\\\/colegiosuizomadrid.com\\\/#organization\"},\"potentialAction\":[{\"@type\":\"SearchAction\",\"target\":{\"@type\":\"EntryPoint\",\"urlTemplate\":\"https:\\\/\\\/colegiosuizomadrid.com\\\/?s={search_term_string}\"},\"query-input\":{\"@type\":\"PropertyValueSpecification\",\"valueRequired\":true,\"valueName\":\"search_term_string\"}}],\"inLanguage\":\"de\"},{\"@type\":\"Organization\",\"@id\":\"https:\\\/\\\/colegiosuizomadrid.com\\\/#organization\",\"name\":\"Colegio Suizo de Madrid\",\"url\":\"https:\\\/\\\/colegiosuizomadrid.com\\\/\",\"logo\":{\"@type\":\"ImageObject\",\"inLanguage\":\"de\",\"@id\":\"https:\\\/\\\/colegiosuizomadrid.com\\\/#\\\/schema\\\/logo\\\/image\\\/\",\"url\":\"https:\\\/\\\/colegiosuizomadrid.com\\\/beta\\\/wp-content\\\/uploads\\\/2020\\\/03\\\/Logo-50-Aniv-Colegio-Suizo-Madrid-1.png\",\"contentUrl\":\"https:\\\/\\\/colegiosuizomadrid.com\\\/beta\\\/wp-content\\\/uploads\\\/2020\\\/03\\\/Logo-50-Aniv-Colegio-Suizo-Madrid-1.png\",\"width\":300,\"height\":75,\"caption\":\"Colegio Suizo de Madrid\"},\"image\":{\"@id\":\"https:\\\/\\\/colegiosuizomadrid.com\\\/#\\\/schema\\\/logo\\\/image\\\/\"}}]}<\/script>\n<!-- \/ Yoast SEO plugin. -->","yoast_head_json":{"title":"Alberto und Mar\u00eda Esther - Colegio Suizo de Madrid","robots":{"index":"index","follow":"follow","max-snippet":"max-snippet:-1","max-image-preview":"max-image-preview:large","max-video-preview":"max-video-preview:-1"},"canonical":"https:\/\/colegiosuizomadrid.com\/de\/testimonios\/alberto-y-maria-esther\/","og_locale":"de_DE","og_type":"article","og_title":"Alberto und Mar\u00eda Esther - Colegio Suizo de Madrid","og_description":"\u201cWir sind begeistert von der Schweizer Schule, das Bildungsprojekt und die p\u00e4dagogischen Methoden machen wirklich einen Unterschied aus. Unsere Kinder gehen jeden Tag sehr gerne in die Schule, es ist unglaublich, was f\u00fcr ein Deutschniveau sie erworben haben, vor allem wenn man bedenkt, dass wir in der Familie nicht ein Wort Deutsch sprechen.\u202f\u202fDie Schule hat [&hellip;]","og_url":"https:\/\/colegiosuizomadrid.com\/de\/testimonios\/alberto-y-maria-esther\/","og_site_name":"Colegio Suizo de Madrid","article_modified_time":"2024-01-22T15:32:31+00:00","og_image":[{"width":360,"height":360,"url":"https:\/\/colegiosuizomadrid.com\/beta\/wp-content\/uploads\/2022\/04\/padres.png","type":"image\/png"}],"twitter_card":"summary_large_image","twitter_misc":{"Gesch\u00e4tzte Lesezeit":"1\u00a0Minute"},"schema":{"@context":"https:\/\/schema.org","@graph":[{"@type":"WebPage","@id":"https:\/\/colegiosuizomadrid.com\/de\/testimonios\/alberto-y-maria-esther\/","url":"https:\/\/colegiosuizomadrid.com\/de\/testimonios\/alberto-y-maria-esther\/","name":"Alberto und Mar\u00eda Esther - Colegio Suizo de Madrid","isPartOf":{"@id":"https:\/\/colegiosuizomadrid.com\/#website"},"primaryImageOfPage":{"@id":"https:\/\/colegiosuizomadrid.com\/de\/testimonios\/alberto-y-maria-esther\/#primaryimage"},"image":{"@id":"https:\/\/colegiosuizomadrid.com\/de\/testimonios\/alberto-y-maria-esther\/#primaryimage"},"thumbnailUrl":"https:\/\/colegiosuizomadrid.com\/beta\/wp-content\/uploads\/2022\/04\/padres.png","datePublished":"2024-01-09T13:00:44+00:00","dateModified":"2024-01-22T15:32:31+00:00","breadcrumb":{"@id":"https:\/\/colegiosuizomadrid.com\/de\/testimonios\/alberto-y-maria-esther\/#breadcrumb"},"inLanguage":"de","potentialAction":[{"@type":"ReadAction","target":["https:\/\/colegiosuizomadrid.com\/de\/testimonios\/alberto-y-maria-esther\/"]}]},{"@type":"ImageObject","inLanguage":"de","@id":"https:\/\/colegiosuizomadrid.com\/de\/testimonios\/alberto-y-maria-esther\/#primaryimage","url":"https:\/\/colegiosuizomadrid.com\/beta\/wp-content\/uploads\/2022\/04\/padres.png","contentUrl":"https:\/\/colegiosuizomadrid.com\/beta\/wp-content\/uploads\/2022\/04\/padres.png","width":360,"height":360},{"@type":"BreadcrumbList","@id":"https:\/\/colegiosuizomadrid.com\/de\/testimonios\/alberto-y-maria-esther\/#breadcrumb","itemListElement":[{"@type":"ListItem","position":1,"name":"Portada","item":"https:\/\/colegiosuizomadrid.com\/"},{"@type":"ListItem","position":2,"name":"Testimonios","item":"https:\/\/colegiosuizomadrid.com\/testimonios\/"},{"@type":"ListItem","position":3,"name":"Alberto und Mar\u00eda Esther"}]},{"@type":"WebSite","@id":"https:\/\/colegiosuizomadrid.com\/#website","url":"https:\/\/colegiosuizomadrid.com\/","name":"Colegio Suizo de Madrid","description":"","publisher":{"@id":"https:\/\/colegiosuizomadrid.com\/#organization"},"potentialAction":[{"@type":"SearchAction","target":{"@type":"EntryPoint","urlTemplate":"https:\/\/colegiosuizomadrid.com\/?s={search_term_string}"},"query-input":{"@type":"PropertyValueSpecification","valueRequired":true,"valueName":"search_term_string"}}],"inLanguage":"de"},{"@type":"Organization","@id":"https:\/\/colegiosuizomadrid.com\/#organization","name":"Colegio Suizo de Madrid","url":"https:\/\/colegiosuizomadrid.com\/","logo":{"@type":"ImageObject","inLanguage":"de","@id":"https:\/\/colegiosuizomadrid.com\/#\/schema\/logo\/image\/","url":"https:\/\/colegiosuizomadrid.com\/beta\/wp-content\/uploads\/2020\/03\/Logo-50-Aniv-Colegio-Suizo-Madrid-1.png","contentUrl":"https:\/\/colegiosuizomadrid.com\/beta\/wp-content\/uploads\/2020\/03\/Logo-50-Aniv-Colegio-Suizo-Madrid-1.png","width":300,"height":75,"caption":"Colegio Suizo de Madrid"},"image":{"@id":"https:\/\/colegiosuizomadrid.com\/#\/schema\/logo\/image\/"}}]}},"_links":{"self":[{"href":"https:\/\/colegiosuizomadrid.com\/de\/wp-json\/wp\/v2\/testimonios\/28863","targetHints":{"allow":["GET"]}}],"collection":[{"href":"https:\/\/colegiosuizomadrid.com\/de\/wp-json\/wp\/v2\/testimonios"}],"about":[{"href":"https:\/\/colegiosuizomadrid.com\/de\/wp-json\/wp\/v2\/types\/testimonios"}],"wp:featuredmedia":[{"embeddable":true,"href":"https:\/\/colegiosuizomadrid.com\/de\/wp-json\/wp\/v2\/media\/21103"}],"wp:attachment":[{"href":"https:\/\/colegiosuizomadrid.com\/de\/wp-json\/wp\/v2\/media?parent=28863"}],"wp:term":[{"taxonomy":"tipo","embeddable":true,"href":"https:\/\/colegiosuizomadrid.com\/de\/wp-json\/wp\/v2\/tipo?post=28863"}],"curies":[{"name":"wp","href":"https:\/\/api.w.org\/{rel}","templated":true}]}}

Alberto und María Esther

<p>“Wir sind begeistert von der Schweizer Schule, das Bildungsprojekt und die pädagogischen Methoden machen wirklich einen Unterschied aus. Unsere Kinder gehen jeden Tag sehr gerne in die Schule, es ist unglaublich, was für ein Deutschniveau sie erworben haben, vor allem wenn man bedenkt, dass wir in der Familie nicht ein Wort Deutsch sprechen.  Die Schule hat eine wirklich privilegierte Lage und schon im jüngsten Alter hatten unsere Kinder Zugang zu grossen Aussenbereichen, um spielen und sich entwickeln zu können. In der Primarschule verbringen sie viel Zeit im Freien, da sie auch regelmässig Unterricht in den Aussenanlagen haben.</p>



<p>Es herrscht eine multikulturelle und familiäre Atmosphäre, ohne Gleichmacherei und ohne Zurschaustellung. Die Transparenz in der Verwaltung stärkt unser Gefühl der Zugehörigkeit zu einer engen Gemeinschaft, und dass wir in guten Händen sind.</p>

<!-- This site is optimized with the Yoast SEO plugin v27.5 - https://yoast.com/product/yoast-seo-wordpress/ -->
<title>Alberto und María Esther - Colegio Suizo de Madrid</title>
<meta name="robots" content="index, follow, max-snippet:-1, max-image-preview:large, max-video-preview:-1" />
<link rel="canonical" href="https://colegiosuizomadrid.com/de/testimonios/alberto-y-maria-esther/" />
<meta property="og:locale" content="de_DE" />
<meta property="og:type" content="article" />
<meta property="og:title" content="Alberto und María Esther - Colegio Suizo de Madrid" />
<meta property="og:description" content="“Wir sind begeistert von der Schweizer Schule, das Bildungsprojekt und die pädagogischen Methoden machen wirklich einen Unterschied aus. Unsere Kinder gehen jeden Tag sehr gerne in die Schule, es ist unglaublich, was für ein Deutschniveau sie erworben haben, vor allem wenn man bedenkt, dass wir in der Familie nicht ein Wort Deutsch sprechen.  Die Schule hat [&hellip;]" />
<meta property="og:url" content="https://colegiosuizomadrid.com/de/testimonios/alberto-y-maria-esther/" />
<meta property="og:site_name" content="Colegio Suizo de Madrid" />
<meta property="article:modified_time" content="2024-01-22T15:32:31+00:00" />
<meta property="og:image" content="https://colegiosuizomadrid.com/beta/wp-content/uploads/2022/04/padres.png" />
	<meta property="og:image:width" content="360" />
	<meta property="og:image:height" content="360" />
	<meta property="og:image:type" content="image/png" />
<meta name="twitter:card" content="summary_large_image" />
<meta name="twitter:label1" content="Geschätzte Lesezeit" />
	<meta name="twitter:data1" content="1 Minute" />
<script type="application/ld+json" class="yoast-schema-graph">{"@context":"https:\/\/schema.org","@graph":[{"@type":"WebPage","@id":"https:\/\/colegiosuizomadrid.com\/de\/testimonios\/alberto-y-maria-esther\/","url":"https:\/\/colegiosuizomadrid.com\/de\/testimonios\/alberto-y-maria-esther\/","name":"Alberto und María Esther - Colegio Suizo de Madrid","isPartOf":{"@id":"https:\/\/colegiosuizomadrid.com\/#website"},"primaryImageOfPage":{"@id":"https:\/\/colegiosuizomadrid.com\/de\/testimonios\/alberto-y-maria-esther\/#primaryimage"},"image":{"@id":"https:\/\/colegiosuizomadrid.com\/de\/testimonios\/alberto-y-maria-esther\/#primaryimage"},"thumbnailUrl":"https:\/\/colegiosuizomadrid.com\/beta\/wp-content\/uploads\/2022\/04\/padres.png","datePublished":"2024-01-09T13:00:44+00:00","dateModified":"2024-01-22T15:32:31+00:00","breadcrumb":{"@id":"https:\/\/colegiosuizomadrid.com\/de\/testimonios\/alberto-y-maria-esther\/#breadcrumb"},"inLanguage":"de","potentialAction":[{"@type":"ReadAction","target":["https:\/\/colegiosuizomadrid.com\/de\/testimonios\/alberto-y-maria-esther\/"]}]},{"@type":"ImageObject","inLanguage":"de","@id":"https:\/\/colegiosuizomadrid.com\/de\/testimonios\/alberto-y-maria-esther\/#primaryimage","url":"https:\/\/colegiosuizomadrid.com\/beta\/wp-content\/uploads\/2022\/04\/padres.png","contentUrl":"https:\/\/colegiosuizomadrid.com\/beta\/wp-content\/uploads\/2022\/04\/padres.png","width":360,"height":360},{"@type":"BreadcrumbList","@id":"https:\/\/colegiosuizomadrid.com\/de\/testimonios\/alberto-y-maria-esther\/#breadcrumb","itemListElement":[{"@type":"ListItem","position":1,"name":"Portada","item":"https:\/\/colegiosuizomadrid.com\/"},{"@type":"ListItem","position":2,"name":"Testimonios","item":"https:\/\/colegiosuizomadrid.com\/testimonios\/"},{"@type":"ListItem","position":3,"name":"Alberto und María Esther"}]},{"@type":"WebSite","@id":"https:\/\/colegiosuizomadrid.com\/#website","url":"https:\/\/colegiosuizomadrid.com\/","name":"Colegio Suizo de Madrid","description":"","publisher":{"@id":"https:\/\/colegiosuizomadrid.com\/#organization"},"potentialAction":[{"@type":"SearchAction","target":{"@type":"EntryPoint","urlTemplate":"https:\/\/colegiosuizomadrid.com\/?s={search_term_string}"},"query-input":{"@type":"PropertyValueSpecification","valueRequired":true,"valueName":"search_term_string"}}],"inLanguage":"de"},{"@type":"Organization","@id":"https:\/\/colegiosuizomadrid.com\/#organization","name":"Colegio Suizo de Madrid","url":"https:\/\/colegiosuizomadrid.com\/","logo":{"@type":"ImageObject","inLanguage":"de","@id":"https:\/\/colegiosuizomadrid.com\/#\/schema\/logo\/image\/","url":"https:\/\/colegiosuizomadrid.com\/beta\/wp-content\/uploads\/2020\/03\/Logo-50-Aniv-Colegio-Suizo-Madrid-1.png","contentUrl":"https:\/\/colegiosuizomadrid.com\/beta\/wp-content\/uploads\/2020\/03\/Logo-50-Aniv-Colegio-Suizo-Madrid-1.png","width":300,"height":75,"caption":"Colegio Suizo de Madrid"},"image":{"@id":"https:\/\/colegiosuizomadrid.com\/#\/schema\/logo\/image\/"}}]}</script>
<!-- / Yoast SEO plugin. -->

Alberto und María Esther - Colegio Suizo de Madrid

“Wir sind begeistert von der Schweizer Schule, das Bildungsprojekt und die pädagogischen Methoden machen wirklich einen Unterschied aus. Unsere Kinder gehen jeden Tag sehr gerne in die Schule, es ist unglaublich, was für ein Deutschniveau sie erworben haben, vor allem wenn man bedenkt, dass wir in der Familie nicht ein Wort Deutsch sprechen.  Die Schule hat [&hellip;]
