{"id":28860,"date":"2024-01-09T14:58:07","date_gmt":"2024-01-09T12:58:07","guid":{"rendered":"https:\/\/colegiosuizomadrid.com\/testimonios\/mencia-ulizar-matesanz\/"},"modified":"2024-01-22T16:16:13","modified_gmt":"2024-01-22T14:16:13","slug":"mencia-ulizar-matesanz","status":"publish","type":"testimonios","link":"https:\/\/colegiosuizomadrid.com\/de\/testimonios\/mencia-ulizar-matesanz\/","title":{"rendered":"Menc\u00eda Ulizar Matesanz"},"content":{"rendered":"\n<p>Meine Erfahrung als Sch\u00fclerin im CSM mit Eltern, die Spanisch sprechen.<br><br>Meine Schulkarriere im CSM begann im Prekindergarten, als ich 3 Jahre alt war. Seitdem geh\u00f6rt das Deutsch zu meinem Alltag, auch wenn es nicht meine Muttersprache ist. Ich f\u00fchle ich mich in der deutschen Sprache genauso wohl wie in der spanischen. Viele Sch\u00fcler des CSM haben deutschsprachige Eltern. Dies ist bei mir nicht der Fall, denn meine Eltern sprechen kein Deutsch. Trotzdem habe ich mich bez\u00fcglich Sprachgebrauchs und Sprachfertigkeit im Vergleich zu meinen Mitsch\u00fclern nie anders oder minderwertig gef\u00fchlt. <\/p>\n\n\n\n<p>Mein Niveau im Deutsch verbessert sich Jahr f\u00fcr Jahr, weil ich das, was ich in der Schule lerne mit dem verbinde, was ich ausserhalb lerne.<\/p>\n","protected":false},"featured_media":28638,"template":"","tipo":[236],"class_list":["post-28860","testimonios","type-testimonios","status-publish","has-post-thumbnail","hentry","tipo-general-de"],"yoast_head":"<!-- This site is optimized with the Yoast SEO plugin v27.5 - https:\/\/yoast.com\/product\/yoast-seo-wordpress\/ -->\n<title>Menc\u00eda Ulizar Matesanz - Colegio Suizo de Madrid<\/title>\n<meta name=\"robots\" content=\"index, follow, max-snippet:-1, max-image-preview:large, max-video-preview:-1\" \/>\n<link rel=\"canonical\" href=\"https:\/\/colegiosuizomadrid.com\/de\/testimonios\/mencia-ulizar-matesanz\/\" \/>\n<meta property=\"og:locale\" content=\"de_DE\" \/>\n<meta property=\"og:type\" content=\"article\" \/>\n<meta property=\"og:title\" content=\"Menc\u00eda Ulizar Matesanz - Colegio Suizo de Madrid\" \/>\n<meta property=\"og:description\" content=\"Meine Erfahrung als Sch\u00fclerin im CSM mit Eltern, die Spanisch sprechen. Meine Schulkarriere im CSM begann im Prekindergarten, als ich 3 Jahre alt war. Seitdem geh\u00f6rt das Deutsch zu meinem Alltag, auch wenn es nicht meine Muttersprache ist. Ich f\u00fchle ich mich in der deutschen Sprache genauso wohl wie in der spanischen. Viele Sch\u00fcler des [&hellip;]\" \/>\n<meta property=\"og:url\" content=\"https:\/\/colegiosuizomadrid.com\/de\/testimonios\/mencia-ulizar-matesanz\/\" \/>\n<meta property=\"og:site_name\" content=\"Colegio Suizo de Madrid\" \/>\n<meta property=\"article:modified_time\" content=\"2024-01-22T14:16:13+00:00\" \/>\n<meta property=\"og:image\" content=\"https:\/\/colegiosuizomadrid.com\/beta\/wp-content\/uploads\/2024\/01\/mencia.png\" \/>\n\t<meta property=\"og:image:width\" content=\"360\" \/>\n\t<meta property=\"og:image:height\" content=\"360\" \/>\n\t<meta property=\"og:image:type\" content=\"image\/png\" \/>\n<meta name=\"twitter:card\" content=\"summary_large_image\" \/>\n<meta name=\"twitter:label1\" content=\"Gesch\u00e4tzte Lesezeit\" \/>\n\t<meta name=\"twitter:data1\" content=\"1\u00a0Minute\" \/>\n<script type=\"application\/ld+json\" class=\"yoast-schema-graph\">{\"@context\":\"https:\\\/\\\/schema.org\",\"@graph\":[{\"@type\":\"WebPage\",\"@id\":\"https:\\\/\\\/colegiosuizomadrid.com\\\/de\\\/testimonios\\\/mencia-ulizar-matesanz\\\/\",\"url\":\"https:\\\/\\\/colegiosuizomadrid.com\\\/de\\\/testimonios\\\/mencia-ulizar-matesanz\\\/\",\"name\":\"Menc\u00eda Ulizar Matesanz - Colegio Suizo de Madrid\",\"isPartOf\":{\"@id\":\"https:\\\/\\\/colegiosuizomadrid.com\\\/#website\"},\"primaryImageOfPage\":{\"@id\":\"https:\\\/\\\/colegiosuizomadrid.com\\\/de\\\/testimonios\\\/mencia-ulizar-matesanz\\\/#primaryimage\"},\"image\":{\"@id\":\"https:\\\/\\\/colegiosuizomadrid.com\\\/de\\\/testimonios\\\/mencia-ulizar-matesanz\\\/#primaryimage\"},\"thumbnailUrl\":\"https:\\\/\\\/colegiosuizomadrid.com\\\/beta\\\/wp-content\\\/uploads\\\/2024\\\/01\\\/mencia.png\",\"datePublished\":\"2024-01-09T12:58:07+00:00\",\"dateModified\":\"2024-01-22T14:16:13+00:00\",\"breadcrumb\":{\"@id\":\"https:\\\/\\\/colegiosuizomadrid.com\\\/de\\\/testimonios\\\/mencia-ulizar-matesanz\\\/#breadcrumb\"},\"inLanguage\":\"de\",\"potentialAction\":[{\"@type\":\"ReadAction\",\"target\":[\"https:\\\/\\\/colegiosuizomadrid.com\\\/de\\\/testimonios\\\/mencia-ulizar-matesanz\\\/\"]}]},{\"@type\":\"ImageObject\",\"inLanguage\":\"de\",\"@id\":\"https:\\\/\\\/colegiosuizomadrid.com\\\/de\\\/testimonios\\\/mencia-ulizar-matesanz\\\/#primaryimage\",\"url\":\"https:\\\/\\\/colegiosuizomadrid.com\\\/beta\\\/wp-content\\\/uploads\\\/2024\\\/01\\\/mencia.png\",\"contentUrl\":\"https:\\\/\\\/colegiosuizomadrid.com\\\/beta\\\/wp-content\\\/uploads\\\/2024\\\/01\\\/mencia.png\",\"width\":360,\"height\":360},{\"@type\":\"BreadcrumbList\",\"@id\":\"https:\\\/\\\/colegiosuizomadrid.com\\\/de\\\/testimonios\\\/mencia-ulizar-matesanz\\\/#breadcrumb\",\"itemListElement\":[{\"@type\":\"ListItem\",\"position\":1,\"name\":\"Portada\",\"item\":\"https:\\\/\\\/colegiosuizomadrid.com\\\/\"},{\"@type\":\"ListItem\",\"position\":2,\"name\":\"Testimonios\",\"item\":\"https:\\\/\\\/colegiosuizomadrid.com\\\/testimonios\\\/\"},{\"@type\":\"ListItem\",\"position\":3,\"name\":\"Menc\u00eda Ulizar Matesanz\"}]},{\"@type\":\"WebSite\",\"@id\":\"https:\\\/\\\/colegiosuizomadrid.com\\\/#website\",\"url\":\"https:\\\/\\\/colegiosuizomadrid.com\\\/\",\"name\":\"Colegio Suizo de Madrid\",\"description\":\"\",\"publisher\":{\"@id\":\"https:\\\/\\\/colegiosuizomadrid.com\\\/#organization\"},\"potentialAction\":[{\"@type\":\"SearchAction\",\"target\":{\"@type\":\"EntryPoint\",\"urlTemplate\":\"https:\\\/\\\/colegiosuizomadrid.com\\\/?s={search_term_string}\"},\"query-input\":{\"@type\":\"PropertyValueSpecification\",\"valueRequired\":true,\"valueName\":\"search_term_string\"}}],\"inLanguage\":\"de\"},{\"@type\":\"Organization\",\"@id\":\"https:\\\/\\\/colegiosuizomadrid.com\\\/#organization\",\"name\":\"Colegio Suizo de Madrid\",\"url\":\"https:\\\/\\\/colegiosuizomadrid.com\\\/\",\"logo\":{\"@type\":\"ImageObject\",\"inLanguage\":\"de\",\"@id\":\"https:\\\/\\\/colegiosuizomadrid.com\\\/#\\\/schema\\\/logo\\\/image\\\/\",\"url\":\"https:\\\/\\\/colegiosuizomadrid.com\\\/beta\\\/wp-content\\\/uploads\\\/2020\\\/03\\\/Logo-50-Aniv-Colegio-Suizo-Madrid-1.png\",\"contentUrl\":\"https:\\\/\\\/colegiosuizomadrid.com\\\/beta\\\/wp-content\\\/uploads\\\/2020\\\/03\\\/Logo-50-Aniv-Colegio-Suizo-Madrid-1.png\",\"width\":300,\"height\":75,\"caption\":\"Colegio Suizo de Madrid\"},\"image\":{\"@id\":\"https:\\\/\\\/colegiosuizomadrid.com\\\/#\\\/schema\\\/logo\\\/image\\\/\"}}]}<\/script>\n<!-- \/ Yoast SEO plugin. -->","yoast_head_json":{"title":"Menc\u00eda Ulizar Matesanz - Colegio Suizo de Madrid","robots":{"index":"index","follow":"follow","max-snippet":"max-snippet:-1","max-image-preview":"max-image-preview:large","max-video-preview":"max-video-preview:-1"},"canonical":"https:\/\/colegiosuizomadrid.com\/de\/testimonios\/mencia-ulizar-matesanz\/","og_locale":"de_DE","og_type":"article","og_title":"Menc\u00eda Ulizar Matesanz - Colegio Suizo de Madrid","og_description":"Meine Erfahrung als Sch\u00fclerin im CSM mit Eltern, die Spanisch sprechen. Meine Schulkarriere im CSM begann im Prekindergarten, als ich 3 Jahre alt war. Seitdem geh\u00f6rt das Deutsch zu meinem Alltag, auch wenn es nicht meine Muttersprache ist. Ich f\u00fchle ich mich in der deutschen Sprache genauso wohl wie in der spanischen. Viele Sch\u00fcler des [&hellip;]","og_url":"https:\/\/colegiosuizomadrid.com\/de\/testimonios\/mencia-ulizar-matesanz\/","og_site_name":"Colegio Suizo de Madrid","article_modified_time":"2024-01-22T14:16:13+00:00","og_image":[{"width":360,"height":360,"url":"https:\/\/colegiosuizomadrid.com\/beta\/wp-content\/uploads\/2024\/01\/mencia.png","type":"image\/png"}],"twitter_card":"summary_large_image","twitter_misc":{"Gesch\u00e4tzte Lesezeit":"1\u00a0Minute"},"schema":{"@context":"https:\/\/schema.org","@graph":[{"@type":"WebPage","@id":"https:\/\/colegiosuizomadrid.com\/de\/testimonios\/mencia-ulizar-matesanz\/","url":"https:\/\/colegiosuizomadrid.com\/de\/testimonios\/mencia-ulizar-matesanz\/","name":"Menc\u00eda Ulizar Matesanz - Colegio Suizo de Madrid","isPartOf":{"@id":"https:\/\/colegiosuizomadrid.com\/#website"},"primaryImageOfPage":{"@id":"https:\/\/colegiosuizomadrid.com\/de\/testimonios\/mencia-ulizar-matesanz\/#primaryimage"},"image":{"@id":"https:\/\/colegiosuizomadrid.com\/de\/testimonios\/mencia-ulizar-matesanz\/#primaryimage"},"thumbnailUrl":"https:\/\/colegiosuizomadrid.com\/beta\/wp-content\/uploads\/2024\/01\/mencia.png","datePublished":"2024-01-09T12:58:07+00:00","dateModified":"2024-01-22T14:16:13+00:00","breadcrumb":{"@id":"https:\/\/colegiosuizomadrid.com\/de\/testimonios\/mencia-ulizar-matesanz\/#breadcrumb"},"inLanguage":"de","potentialAction":[{"@type":"ReadAction","target":["https:\/\/colegiosuizomadrid.com\/de\/testimonios\/mencia-ulizar-matesanz\/"]}]},{"@type":"ImageObject","inLanguage":"de","@id":"https:\/\/colegiosuizomadrid.com\/de\/testimonios\/mencia-ulizar-matesanz\/#primaryimage","url":"https:\/\/colegiosuizomadrid.com\/beta\/wp-content\/uploads\/2024\/01\/mencia.png","contentUrl":"https:\/\/colegiosuizomadrid.com\/beta\/wp-content\/uploads\/2024\/01\/mencia.png","width":360,"height":360},{"@type":"BreadcrumbList","@id":"https:\/\/colegiosuizomadrid.com\/de\/testimonios\/mencia-ulizar-matesanz\/#breadcrumb","itemListElement":[{"@type":"ListItem","position":1,"name":"Portada","item":"https:\/\/colegiosuizomadrid.com\/"},{"@type":"ListItem","position":2,"name":"Testimonios","item":"https:\/\/colegiosuizomadrid.com\/testimonios\/"},{"@type":"ListItem","position":3,"name":"Menc\u00eda Ulizar Matesanz"}]},{"@type":"WebSite","@id":"https:\/\/colegiosuizomadrid.com\/#website","url":"https:\/\/colegiosuizomadrid.com\/","name":"Colegio Suizo de Madrid","description":"","publisher":{"@id":"https:\/\/colegiosuizomadrid.com\/#organization"},"potentialAction":[{"@type":"SearchAction","target":{"@type":"EntryPoint","urlTemplate":"https:\/\/colegiosuizomadrid.com\/?s={search_term_string}"},"query-input":{"@type":"PropertyValueSpecification","valueRequired":true,"valueName":"search_term_string"}}],"inLanguage":"de"},{"@type":"Organization","@id":"https:\/\/colegiosuizomadrid.com\/#organization","name":"Colegio Suizo de Madrid","url":"https:\/\/colegiosuizomadrid.com\/","logo":{"@type":"ImageObject","inLanguage":"de","@id":"https:\/\/colegiosuizomadrid.com\/#\/schema\/logo\/image\/","url":"https:\/\/colegiosuizomadrid.com\/beta\/wp-content\/uploads\/2020\/03\/Logo-50-Aniv-Colegio-Suizo-Madrid-1.png","contentUrl":"https:\/\/colegiosuizomadrid.com\/beta\/wp-content\/uploads\/2020\/03\/Logo-50-Aniv-Colegio-Suizo-Madrid-1.png","width":300,"height":75,"caption":"Colegio Suizo de Madrid"},"image":{"@id":"https:\/\/colegiosuizomadrid.com\/#\/schema\/logo\/image\/"}}]}},"_links":{"self":[{"href":"https:\/\/colegiosuizomadrid.com\/de\/wp-json\/wp\/v2\/testimonios\/28860","targetHints":{"allow":["GET"]}}],"collection":[{"href":"https:\/\/colegiosuizomadrid.com\/de\/wp-json\/wp\/v2\/testimonios"}],"about":[{"href":"https:\/\/colegiosuizomadrid.com\/de\/wp-json\/wp\/v2\/types\/testimonios"}],"wp:featuredmedia":[{"embeddable":true,"href":"https:\/\/colegiosuizomadrid.com\/de\/wp-json\/wp\/v2\/media\/28638"}],"wp:attachment":[{"href":"https:\/\/colegiosuizomadrid.com\/de\/wp-json\/wp\/v2\/media?parent=28860"}],"wp:term":[{"taxonomy":"tipo","embeddable":true,"href":"https:\/\/colegiosuizomadrid.com\/de\/wp-json\/wp\/v2\/tipo?post=28860"}],"curies":[{"name":"wp","href":"https:\/\/api.w.org\/{rel}","templated":true}]}}

Mencía Ulizar Matesanz

<p>Meine Erfahrung als Schülerin im CSM mit Eltern, die Spanisch sprechen.<br><br>Meine Schulkarriere im CSM begann im Prekindergarten, als ich 3 Jahre alt war. Seitdem gehört das Deutsch zu meinem Alltag, auch wenn es nicht meine Muttersprache ist. Ich fühle ich mich in der deutschen Sprache genauso wohl wie in der spanischen. Viele Schüler des CSM haben deutschsprachige Eltern. Dies ist bei mir nicht der Fall, denn meine Eltern sprechen kein Deutsch. Trotzdem habe ich mich bezüglich Sprachgebrauchs und Sprachfertigkeit im Vergleich zu meinen Mitschülern nie anders oder minderwertig gefühlt. </p>



<p>Mein Niveau im Deutsch verbessert sich Jahr für Jahr, weil ich das, was ich in der Schule lerne mit dem verbinde, was ich ausserhalb lerne.</p>

<!-- This site is optimized with the Yoast SEO plugin v27.5 - https://yoast.com/product/yoast-seo-wordpress/ -->
<title>Mencía Ulizar Matesanz - Colegio Suizo de Madrid</title>
<meta name="robots" content="index, follow, max-snippet:-1, max-image-preview:large, max-video-preview:-1" />
<link rel="canonical" href="https://colegiosuizomadrid.com/de/testimonios/mencia-ulizar-matesanz/" />
<meta property="og:locale" content="de_DE" />
<meta property="og:type" content="article" />
<meta property="og:title" content="Mencía Ulizar Matesanz - Colegio Suizo de Madrid" />
<meta property="og:description" content="Meine Erfahrung als Schülerin im CSM mit Eltern, die Spanisch sprechen. Meine Schulkarriere im CSM begann im Prekindergarten, als ich 3 Jahre alt war. Seitdem gehört das Deutsch zu meinem Alltag, auch wenn es nicht meine Muttersprache ist. Ich fühle ich mich in der deutschen Sprache genauso wohl wie in der spanischen. Viele Schüler des [&hellip;]" />
<meta property="og:url" content="https://colegiosuizomadrid.com/de/testimonios/mencia-ulizar-matesanz/" />
<meta property="og:site_name" content="Colegio Suizo de Madrid" />
<meta property="article:modified_time" content="2024-01-22T14:16:13+00:00" />
<meta property="og:image" content="https://colegiosuizomadrid.com/beta/wp-content/uploads/2024/01/mencia.png" />
	<meta property="og:image:width" content="360" />
	<meta property="og:image:height" content="360" />
	<meta property="og:image:type" content="image/png" />
<meta name="twitter:card" content="summary_large_image" />
<meta name="twitter:label1" content="Geschätzte Lesezeit" />
	<meta name="twitter:data1" content="1 Minute" />
<script type="application/ld+json" class="yoast-schema-graph">{"@context":"https:\/\/schema.org","@graph":[{"@type":"WebPage","@id":"https:\/\/colegiosuizomadrid.com\/de\/testimonios\/mencia-ulizar-matesanz\/","url":"https:\/\/colegiosuizomadrid.com\/de\/testimonios\/mencia-ulizar-matesanz\/","name":"Mencía Ulizar Matesanz - Colegio Suizo de Madrid","isPartOf":{"@id":"https:\/\/colegiosuizomadrid.com\/#website"},"primaryImageOfPage":{"@id":"https:\/\/colegiosuizomadrid.com\/de\/testimonios\/mencia-ulizar-matesanz\/#primaryimage"},"image":{"@id":"https:\/\/colegiosuizomadrid.com\/de\/testimonios\/mencia-ulizar-matesanz\/#primaryimage"},"thumbnailUrl":"https:\/\/colegiosuizomadrid.com\/beta\/wp-content\/uploads\/2024\/01\/mencia.png","datePublished":"2024-01-09T12:58:07+00:00","dateModified":"2024-01-22T14:16:13+00:00","breadcrumb":{"@id":"https:\/\/colegiosuizomadrid.com\/de\/testimonios\/mencia-ulizar-matesanz\/#breadcrumb"},"inLanguage":"de","potentialAction":[{"@type":"ReadAction","target":["https:\/\/colegiosuizomadrid.com\/de\/testimonios\/mencia-ulizar-matesanz\/"]}]},{"@type":"ImageObject","inLanguage":"de","@id":"https:\/\/colegiosuizomadrid.com\/de\/testimonios\/mencia-ulizar-matesanz\/#primaryimage","url":"https:\/\/colegiosuizomadrid.com\/beta\/wp-content\/uploads\/2024\/01\/mencia.png","contentUrl":"https:\/\/colegiosuizomadrid.com\/beta\/wp-content\/uploads\/2024\/01\/mencia.png","width":360,"height":360},{"@type":"BreadcrumbList","@id":"https:\/\/colegiosuizomadrid.com\/de\/testimonios\/mencia-ulizar-matesanz\/#breadcrumb","itemListElement":[{"@type":"ListItem","position":1,"name":"Portada","item":"https:\/\/colegiosuizomadrid.com\/"},{"@type":"ListItem","position":2,"name":"Testimonios","item":"https:\/\/colegiosuizomadrid.com\/testimonios\/"},{"@type":"ListItem","position":3,"name":"Mencía Ulizar Matesanz"}]},{"@type":"WebSite","@id":"https:\/\/colegiosuizomadrid.com\/#website","url":"https:\/\/colegiosuizomadrid.com\/","name":"Colegio Suizo de Madrid","description":"","publisher":{"@id":"https:\/\/colegiosuizomadrid.com\/#organization"},"potentialAction":[{"@type":"SearchAction","target":{"@type":"EntryPoint","urlTemplate":"https:\/\/colegiosuizomadrid.com\/?s={search_term_string}"},"query-input":{"@type":"PropertyValueSpecification","valueRequired":true,"valueName":"search_term_string"}}],"inLanguage":"de"},{"@type":"Organization","@id":"https:\/\/colegiosuizomadrid.com\/#organization","name":"Colegio Suizo de Madrid","url":"https:\/\/colegiosuizomadrid.com\/","logo":{"@type":"ImageObject","inLanguage":"de","@id":"https:\/\/colegiosuizomadrid.com\/#\/schema\/logo\/image\/","url":"https:\/\/colegiosuizomadrid.com\/beta\/wp-content\/uploads\/2020\/03\/Logo-50-Aniv-Colegio-Suizo-Madrid-1.png","contentUrl":"https:\/\/colegiosuizomadrid.com\/beta\/wp-content\/uploads\/2020\/03\/Logo-50-Aniv-Colegio-Suizo-Madrid-1.png","width":300,"height":75,"caption":"Colegio Suizo de Madrid"},"image":{"@id":"https:\/\/colegiosuizomadrid.com\/#\/schema\/logo\/image\/"}}]}</script>
<!-- / Yoast SEO plugin. -->

Mencía Ulizar Matesanz - Colegio Suizo de Madrid

Meine Erfahrung als Schülerin im CSM mit Eltern, die Spanisch sprechen. Meine Schulkarriere im CSM begann im Prekindergarten, als ich 3 Jahre alt war. Seitdem gehört das Deutsch zu meinem Alltag, auch wenn es nicht meine Muttersprache ist. Ich fühle ich mich in der deutschen Sprache genauso wohl wie in der spanischen. Viele Schüler des [&hellip;]
