{"version":"1.0","provider_name":"Colegio Suizo de Madrid","provider_url":"https:\/\/colegiosuizomadrid.com\/de\/","author_name":"raczy","author_url":"https:\/\/colegiosuizomadrid.com\/de\/author\/raczy\/","title":"Menc\u00eda Ulizar Matesanz - Colegio Suizo de Madrid","type":"rich","width":600,"height":338,"html":"<blockquote class=\"wp-embedded-content\" data-secret=\"KAjExfCroX\"><a href=\"https:\/\/colegiosuizomadrid.com\/de\/testimonios\/mencia-ulizar-matesanz\/\">Menc\u00eda Ulizar Matesanz<\/a><\/blockquote><iframe sandbox=\"allow-scripts\" security=\"restricted\" src=\"https:\/\/colegiosuizomadrid.com\/de\/testimonios\/mencia-ulizar-matesanz\/embed\/#?secret=KAjExfCroX\" width=\"600\" height=\"338\" title=\"&#8222;Menc\u00eda Ulizar Matesanz&#8220; &#8211; Colegio Suizo de Madrid\" data-secret=\"KAjExfCroX\" frameborder=\"0\" marginwidth=\"0\" marginheight=\"0\" scrolling=\"no\" class=\"wp-embedded-content\"><\/iframe><script>\n\/*! This file is auto-generated *\/\n!function(d,l){\"use strict\";l.querySelector&&d.addEventListener&&\"undefined\"!=typeof URL&&(d.wp=d.wp||{},d.wp.receiveEmbedMessage||(d.wp.receiveEmbedMessage=function(e){var t=e.data;if((t||t.secret||t.message||t.value)&&!\/[^a-zA-Z0-9]\/.test(t.secret)){for(var s,r,n,a=l.querySelectorAll('iframe[data-secret=\"'+t.secret+'\"]'),o=l.querySelectorAll('blockquote[data-secret=\"'+t.secret+'\"]'),c=new RegExp(\"^https?:$\",\"i\"),i=0;i<o.length;i++)o[i].style.display=\"none\";for(i=0;i<a.length;i++)s=a[i],e.source===s.contentWindow&&(s.removeAttribute(\"style\"),\"height\"===t.message?(1e3<(r=parseInt(t.value,10))?r=1e3:~~r<200&&(r=200),s.height=r):\"link\"===t.message&&(r=new URL(s.getAttribute(\"src\")),n=new URL(t.value),c.test(n.protocol))&&n.host===r.host&&l.activeElement===s&&(d.top.location.href=t.value))}},d.addEventListener(\"message\",d.wp.receiveEmbedMessage,!1),l.addEventListener(\"DOMContentLoaded\",function(){for(var e,t,s=l.querySelectorAll(\"iframe.wp-embedded-content\"),r=0;r<s.length;r++)(t=(e=s[r]).getAttribute(\"data-secret\"))||(t=Math.random().toString(36).substring(2,12),e.src+=\"#?secret=\"+t,e.setAttribute(\"data-secret\",t)),e.contentWindow.postMessage({message:\"ready\",secret:t},\"*\")},!1)))}(window,document);\n\/\/# sourceURL=https:\/\/colegiosuizomadrid.com\/beta\/wp-includes\/js\/wp-embed.min.js\n<\/script>\n","thumbnail_url":"https:\/\/colegiosuizomadrid.com\/beta\/wp-content\/uploads\/2024\/01\/mencia.png","thumbnail_width":360,"thumbnail_height":360,"description":"Meine Erfahrung als Sch\u00fclerin im CSM mit Eltern, die Spanisch sprechen. Meine Schulkarriere im CSM begann im Prekindergarten, als ich 3 Jahre alt war. Seitdem geh\u00f6rt das Deutsch zu meinem Alltag, auch wenn es nicht meine Muttersprache ist. Ich f\u00fchle ich mich in der deutschen Sprache genauso wohl wie in der spanischen. Viele Sch\u00fcler des [&hellip;]"}

Mencía Ulizar Matesanz - Colegio Suizo de Madrid

<blockquote class="wp-embedded-content" data-secret="KAjExfCroX"><a href="https://colegiosuizomadrid.com/de/testimonios/mencia-ulizar-matesanz/">Mencía Ulizar Matesanz</a></blockquote><iframe sandbox="allow-scripts" security="restricted" src="https://colegiosuizomadrid.com/de/testimonios/mencia-ulizar-matesanz/embed/#?secret=KAjExfCroX" width="600" height="338" title="&#8222;Mencía Ulizar Matesanz&#8220; &#8211; Colegio Suizo de Madrid" data-secret="KAjExfCroX" frameborder="0" marginwidth="0" marginheight="0" scrolling="no" class="wp-embedded-content"></iframe><script>
/*! This file is auto-generated */
!function(d,l){"use strict";l.querySelector&&d.addEventListener&&"undefined"!=typeof URL&&(d.wp=d.wp||{},d.wp.receiveEmbedMessage||(d.wp.receiveEmbedMessage=function(e){var t=e.data;if((t||t.secret||t.message||t.value)&&!/[^a-zA-Z0-9]/.test(t.secret)){for(var s,r,n,a=l.querySelectorAll('iframe[data-secret="'+t.secret+'"]'),o=l.querySelectorAll('blockquote[data-secret="'+t.secret+'"]'),c=new RegExp("^https?:$","i"),i=0;i<o.length;i++)o[i].style.display="none";for(i=0;i<a.length;i++)s=a[i],e.source===s.contentWindow&&(s.removeAttribute("style"),"height"===t.message?(1e3<(r=parseInt(t.value,10))?r=1e3:~~r<200&&(r=200),s.height=r):"link"===t.message&&(r=new URL(s.getAttribute("src")),n=new URL(t.value),c.test(n.protocol))&&n.host===r.host&&l.activeElement===s&&(d.top.location.href=t.value))}},d.addEventListener("message",d.wp.receiveEmbedMessage,!1),l.addEventListener("DOMContentLoaded",function(){for(var e,t,s=l.querySelectorAll("iframe.wp-embedded-content"),r=0;r<s.length;r++)(t=(e=s[r]).getAttribute("data-secret"))||(t=Math.random().toString(36).substring(2,12),e.src+="#?secret="+t,e.setAttribute("data-secret",t)),e.contentWindow.postMessage({message:"ready",secret:t},"*")},!1)))}(window,document);
//# sourceURL=https://colegiosuizomadrid.com/beta/wp-includes/js/wp-embed.min.js
</script>

Meine Erfahrung als Schülerin im CSM mit Eltern, die Spanisch sprechen. Meine Schulkarriere im CSM begann im Prekindergarten, als ich 3 Jahre alt war. Seitdem gehört das Deutsch zu meinem Alltag, auch wenn es nicht meine Muttersprache ist. Ich fühle ich mich in der deutschen Sprache genauso wohl wie in der spanischen. Viele Schüler des [&hellip;]
